5643?
0
What is the millions digit of 19619280?
9
What is the units digit of 40217002?
2
What is the thousands digit of 57757049?
7
What is the millions digit of 1685890385?
5
What is the ten millions digit of 1510745869?
1
What is the hundred millions digit of 477322210?
4
What is the ten millions digit of 107238846?
0
What is the ten millions digit of 21635420?
2
What is the hundred thousands digit of 868797970?
7
What is the tens digit of 151695889?
8
What is the units digit of 89532354?
4
What is the units digit of 611121019?
9
What is the hundreds digit of 5229744181?
1
What is the hundred thousands digit of 1522106467?
1
What is the thousands digit of 119496076?
6
What is the tens digit of 124562784?
8
What is the hundreds digit of 135051394?
3
What is the units digit of 40545803?
3
What is the ten thousands digit of 1032797994?
9
What is the thousands digit of 94583534?
3
What is the millions digit of 98281504?
8
What is the units digit of 18714418?
8
What is the ten thousands digit of 118480590?
8
What is the hundreds digit of 51554584?
5
What is the tens digit of 3513648044?
4
What is the hundred thousands digit of 889328938?
3
What is the ten thousands digit of 154585329?
8
What is the ten millions digit of 407778795?
0
What is the thousands digit of 51820463?
0
What is the hundreds digit of 5127893765?
7
What is the thousands digit of 28279459?
9
What is the hundreds digit of 769589467?
4
What is the ten thousands digit of 43156576?
5
What is the millions digit of 118955376?
8
What is the ten millions digit of 305803917?
0
What is the thousands digit of 3015574196?
4
What is the billions digit of 5740792991?
5
What is the millions digit of 1782000315?
2
What is the units digit of 15161510?
0
What is the units digit of 74615525?
5
What is the tens digit of 35262518?
1
What is the ten millions digit of 422306835?
2
What is the tens digit of 801684135?
3
What is the hundreds digit of 51845?
8
What is the hundred thousands digit of 208440176?
4
What is the millions digit of 821474981?
1
What is the units digit of 285424345?
5
What is the thousands digit of 2607161745?
1
What is the ten thousands digit of 1026291048?
9
What is the hundred millions digit of 451610728?
4
What is the thousands digit of 3283009242?
9
What is the tens digit of 3004663?
6
What is the tens digit of 165411109?
0
What is the hundred thousands digit of 51283877?
2
What is the ten millions digit of 57435736?
5
What is the thousands digit of 982504159?
4
What is the billions digit of 2798291500?
2
What is the thousands digit of 58272365?
2
What is the millions digit of 3921946342?
1
What is the ten millions digit of 23086651?
2
What is the millions digit of 165107759?
5
What is the millions digit of 774484896?
4
What is the tens digit of 168293079?
7
What is the thousands digit of 4656619939?
9
What is the ten thousands digit of 703821646?
2
What is the units digit of 10340576?
6
What is the hundred millions digit of 4792963910?
7
What is the units digit of 37790344?
4
What is the units digit of 197534437?
7
What is the tens digit of 161832663?
6
What is the hundred thousands digit of 86981845?
9
What is the tens digit of 27924303?
0
What is the hundred thousands digit of 161381765?
3
What is the hundreds digit of 2143355784?
7
What is the ten thousands digit of 38470914?
7
What is the tens digit of 46085223?
2
What is the hundred thousands digit of 46925004?
9
What is the billions digit of 2352352530?
2
What is the ten millions digit of 747877019?
4
What is the hundreds digit of 51612363?
3
What is the ten thousands digit of 4433255817?
5
What is the hundred thousands digit of 255291905?
2
What is the thousands digit of 890591818?
1
What is the units digit of 1897818199?
9
What is the units digit of 6596940?
0
What is the thousands digit of 462435393?
5
What is the hundreds digit of 18283977?
9
What is the units digit of 252738166?
6
What is the hundred thousands digit of 176191782?
1
What is the thousands digit of 1189241781?
1
What is the ten millions digit of 308703652?
0
What is the thousands digit of 226631029?
1
What is the ten millions digit of 247779493?
4
What is the hundred thousands digit of 76718970?
7
What is the ten millions digit of 18736476?
1
What is the ten thousands digit of 61186740?
8
What is the hundred thousands digit of 827096607?
0
What is the ten millions digit of 374827578?
7
What is the ten thousands digit of 56480174?
8
What is the hundred millions digit of 1381537784?
3
What is the hundreds digit of 48952057?
0
What is the ten millions digit of 38143414?
3
What is the tens digit of 122297229?
2
What is the billions digit of 1260361389?
1
What is the units digit of 32485284?
4
What is the millions digit of 59660813?
9
What is the units digit of 91809640?
0
What is the hundred millions digit of 251692897?
2
What is the hundreds digit of 311587107?
1
What is the hundred thousands digit of 1508954?
5
What is the hundreds digit of 215474855?
8
What is the billions digit of 2639910270?
2
What is the hundreds digit of 74682102?
1
What is the thousands digit of 138605301?
5
What is the ten millions digit of 6692568705?
9
What is the hundred millions digit of 120887940?
1
What is the tens digit of 324128514?
1
What is the thousands digit of 19521511?
1
What is the tens digit of 5534145279?
7
What is the millions digit of 164589542?
4
What is the millions digit of 11865406?
1
What is the thousands digit of 1156233?
6
What is the hundred thousands digit of 7474593?
4
What is the ten thousands digit of 1293979764?
7
What is the units digit of 8728455?
5
What is the hundred thousands digit of 101569198?
5
What is the thousands digit of 717944964?
4
What is the ten millions digit of 213556265?
1
What is the hundred millions digit of 1089362806?
0
What is the hundred millions digit of 874156657?
8
What is the millions digit of 35877423?
5
What is the tens digit of 287900435?
3
What is the hundred thousands digit of 2449084719?
0
What is the hundred millions digit of 767248441?
7
What is the hundreds digit of 708559144?
1
What is the billions digit of 1653971422?
1
What is the units digit of 2574610576?
6
What is the hundred thousands digit of 932094470?
0
What is the ten thousands digit of 45534871?
3
What is the tens digit of 4447348527?
2
What is the ten millions digit of 59847457?
5
What is the hundreds digit of 1589106476?
4
What is the hundred thousands digit of 697455024?
4
What is the hundred thousands digit of 5114543056?
5
What is the tens digit of 1401408890?
9
What is the ten millions digit of 85362374?
8
What is the units digit of 133665581?
1
What is the thousands digit of 24498459?
8
What is the billions digit of 2618423348?
2
What is the millions digit of 1501749407?
1
What is the thousands digit of 237751502?
1
What is the hundred thousands digit of 2299601505?
6
What is the ten millions digit of 4051237330?
5
What is the thousands digit of 73428036?
8
What is the thousands digit of 30660109?
0
What is the hundred thousands digit of 2342060836?
0
What is the units digit of 174825725?
5
What is the ten thousands digit of 73693599?
9
What is the hundreds digit of 4988739746?
7
What is the millions digit of 55183618?
5
What is the tens digit of 2835201322?
2
What is the hundred thousands digit of 2526668061?
6
What is the ten millions digit of 22635904?
2
What is the thousands digit of 45062016?
2
What is the ten thousands digit of 153177464?
7
What is the hundred thousands digit of 89384198?
3
What is the thousands digit of 19353538?
3
What is the hundred millions digit of 492405051?
4
What is the millions digit of 2059076847?
9
What is the thousands digit of 114828725?
8
What is the hundred thousands digit of 40471247?
4
What is the units digit of 395395265?
5
What is the units digit of 14977489?
9
What is the hundred thousands digit of 178421641?
4
What is the hundreds digit of 86780196?
1
What is the hundreds digit of 2698494973?
9
What is the hundred thousands digit of 1441729908?
7
What is the hundreds digit of 312437980?
9
What is the hundred thousands digit of 1053849566?
8
What is the thousands digit of 99689430?
9
What is the ten thousands digit of 109544378?
4
What is the hundred thousands digit of 5170719533?
7
What is t